{"id":3,"date":"2025-03-18T14:10:15","date_gmt":"2025-03-18T14:10:15","guid":{"rendered":"https:\/\/rutadelsabor.com\/site\/?page_id=3"},"modified":"2025-04-19T15:04:47","modified_gmt":"2025-04-19T20:04:47","slug":"privacy-policy","status":"publish","type":"page","link":"https:\/\/www.rutadelsabor.com\/site\/privacy-policy\/","title":{"rendered":"Pol\u00edtica de Privacidad"},"content":{"rendered":"\t\t<div data-elementor-type=\"wp-page\" data-elementor-id=\"3\" class=\"elementor elementor-3\">\n\t\t\t\t\t\t<section class=\"elementor-section elementor-top-section elementor-element elementor-element-72a89f08 elementor-section-boxed elementor-section-height-default elementor-section-height-default\" data-id=\"72a89f08\" data-element_type=\"section\">\n\t\t\t\t\t\t<div class=\"elementor-container elementor-column-gap-default\">\n\t\t\t\t\t<div class=\"elementor-column elementor-col-100 elementor-top-column elementor-element elementor-element-480af674\" data-id=\"480af674\" data-element_type=\"column\">\n\t\t\t<div class=\"elementor-widget-wrap elementor-element-populated\">\n\t\t\t\t\t\t<div class=\"elementor-element elementor-element-1fcaa093 elementor-widget elementor-widget-text-editor\" data-id=\"1fcaa093\" data-element_type=\"widget\" data-widget_type=\"text-editor.default\">\n\t\t\t\t<div class=\"elementor-widget-container\">\n\t\t\t\t\t\t\t\t\t\n<p>En\u00a0<strong>Rutadelsabor<\/strong>, valoramos tu privacidad. A continuaci\u00f3n, te explicamos c\u00f3mo manejamos la informaci\u00f3n que recolectamos:<\/p>\n<ol>\n<li>\n<p><strong>Informaci\u00f3n Recopilada<\/strong>: No solicitamos informaci\u00f3n personal de los usuarios que buscan restaurantes. Solo recopilamos datos generales (nombres completos, datos de contacto y servicios) de los t\u00e9cnicos que desean ser listados en nuestro directorio para que puedan ser visibles a quienes buscan sus servicios.<\/p>\n<\/li>\n<li>\n<p><strong>Uso de la Informaci\u00f3n<\/strong>: La informaci\u00f3n recopilada se utiliza exclusivamente para la publicaci\u00f3n en nuestro sitio web y para la administraci\u00f3n de las publicaciones. No compartimos esta informaci\u00f3n con terceros, salvo que sea necesario para cumplir con las obligaciones legales o para el funcionamiento del sitio.<\/p>\n<\/li>\n<li>\n<p><strong>Seguridad<\/strong>: Implementamos medidas de seguridad razonables para proteger la informaci\u00f3n proporcionada. Sin embargo, ninguna transmisi\u00f3n de datos por internet es completamente segura, y no podemos garantizar la seguridad absoluta.<\/p>\n<\/li>\n<li>\n<p><strong>Publicidad<\/strong>: La informaci\u00f3n de los restaurantes tambi\u00e9n puede ser utilizada para la publicidad dentro del sitio, de acuerdo con los t\u00e9rminos acordados para la publicaci\u00f3n.<\/p>\n<\/li>\n<li>\n<p><strong>Derechos de los Usuarios<\/strong>: Tienes el derecho a acceder, corregir o eliminar la informaci\u00f3n que has proporcionado. Para hacerlo, contacta a nuestro equipo a trav\u00e9s de los canales oficiales de atenci\u00f3n.<\/p>\n<\/li>\n<li>\n<p><strong>Cambios en la Pol\u00edtica<\/strong>: Nos reservamos el derecho de actualizar nuestra pol\u00edtica de privacidad en cualquier momento. Cualquier cambio ser\u00e1 publicado en esta p\u00e1gina, y tu uso continuado del sitio implica tu aceptaci\u00f3n de la pol\u00edtica revisada.<\/p>\n<\/li>\n<\/ol>\n<p>Si tienes alguna pregunta sobre nuestros t\u00e9rminos de uso o nuestra pol\u00edtica de privacidad, no dudes en ponerte en contacto con nosotros a trav\u00e9s de nuestros canales oficiales.<\/p>\t\t\t\t\t\t\t\t<\/div>\n\t\t\t\t<\/div>\n\t\t\t\t\t<\/div>\n\t\t<\/div>\n\t\t\t\t\t<\/div>\n\t\t<\/section>\n\t\t\t\t<\/div>\n\t\t","protected":false},"excerpt":{"rendered":"<p>En\u00a0Rutadelsabor, valoramos tu privacidad. A continuaci\u00f3n, te explicamos c\u00f3mo manejamos la informaci\u00f3n que recolectamos: Informaci\u00f3n Recopilada: No solicitamos informaci\u00f3n personal de los usuarios que buscan restaurantes. Solo recopilamos datos generales [&hellip;]<\/p>\n","protected":false},"author":1,"featured_media":0,"parent":0,"menu_order":0,"comment_status":"closed","ping_status":"open","template":"","meta":{"footnotes":""},"class_list":["post-3","page","type-page","status-publish","hentry"],"_links":{"self":[{"href":"https:\/\/www.rutadelsabor.com\/site\/wp-json\/wp\/v2\/pages\/3","targetHints":{"allow":["GET"]}}],"collection":[{"href":"https:\/\/www.rutadelsabor.com\/site\/wp-json\/wp\/v2\/pages"}],"about":[{"href":"https:\/\/www.rutadelsabor.com\/site\/wp-json\/wp\/v2\/types\/page"}],"author":[{"embeddable":true,"href":"https:\/\/www.rutadelsabor.com\/site\/wp-json\/wp\/v2\/users\/1"}],"replies":[{"embeddable":true,"href":"https:\/\/www.rutadelsabor.com\/site\/wp-json\/wp\/v2\/comments?post=3"}],"version-history":[{"count":22,"href":"https:\/\/www.rutadelsabor.com\/site\/wp-json\/wp\/v2\/pages\/3\/revisions"}],"predecessor-version":[{"id":1491,"href":"https:\/\/www.rutadelsabor.com\/site\/wp-json\/wp\/v2\/pages\/3\/revisions\/1491"}],"wp:attachment":[{"href":"https:\/\/www.rutadelsabor.com\/site\/wp-json\/wp\/v2\/media?parent=3"}],"curies":[{"name":"wp","href":"https:\/\/api.w.org\/{rel}","templated":true}]}}